5*x + 9 = g. Suppose -2*h + 4*r = -g, 3*h + r - 4*r = 3. Give a(h).
-7
Let k(z) = -3*z**2 - 2*z + 7. Let g(r) = 6*r**2 + 4*r - 15. Let i(q) = 4*g(q) + 9*k(q). Let o(c) be the first derivative of i(c). Give o(-2).
10
Let u(y) = -6*y + 7. Let r(s) = -s + 1. Let b(q) = 5*r(q) - u(q). Suppose 4*x - 5*f + 30 = 0, 5*f - 13 = 2*x + 7. What is b(x)?
-7
Suppose 2*c + 2 = -3*l, 2*l + 4 + 1 = -5*c. Let n = 2 - l. Suppose -3*v + 25 = n*v. Let x(k) = -k**3 + 5*k**2 + k - 5. Determine x(v).
0
Let t(d) = 1. Let j(r) = r + 6. Let p(o) = j(o) - 4*t(o). Calculate p(-2).
0
Let x(u) be the second derivative of 1/20*u**5 + 7/2*u**2 + 0 + 2/3*u**3 - 7/12*u**4 + 6*u. Determine x(6).
-5
Suppose -c = -f + 2*c + 3, 3*c = -4*f - 3. Let u(p) be the third derivative of p**5/60 - p**3/6 - 10*p**2. What is u(f)?
-1
Let q(j) = -4*j + 1. Let f be q(-1). Let x(i) = 3*i**2 + i + 1. Let y(a) = 2*a**2 + 2*a + 1. Let b(g) = 3*x(g) - 4*y(g). Give b(f).
-1
Suppose 5*f - 4*r + 10 - 28 = 0, 3*f - 3*r = 12. Let o(b) = 2*b**2 - b - 2. Determine o(f).
4
Let q(s) = -4 + 2*s**2 - s**2 - 4*s - s. Let t = -40 - -56. Suppose t = 3*r + r. Determine q(r).
-8
Let m(j) = 8*j - 3. Let h(n) = n**2 - 1. Let u(f) = -h(f) - m(f). Give u(-8).
4
Suppose 70 = -7*h + 2*h. Let q = h - -10. Let z(l) = -14*l**2 - l - 3. Let s(f) = 13*f**2 + f + 2. Let u(r) = q*s(r) - 3*z(r). Give u(1).
-10
Let y be -3*(0 - 1) - 20/8. Let n(w) be the first derivative of -w - y*w**2 + 0*w**3 + 3 - 5/4*w**4. Give n(-1).
5
Let j(l) = -18*l - 7 + 1 + 15*l. What is j(-4)?
6
Suppose -x - 3*x - 16 = b, -16 = 3*b - 4*x. Let t(h) = h**2 + 8*h - 8. Give t(b).
-8
Suppose -4*s + 2*k - 4 = 0, s - k + 19 = 4*k. Let n(t) = s + 3 - 4 - 1 + 3*t**2. What is n(-2)?
11
Let s(a) = 4*a**3 - 2*a**2 + 1. Let t be ((-14)/10)/((-1)/5). Let p(j) = j - 6. Let o be p(t). Calculate s(o).
3
Let p(h) = h**3 + 2*h**2 - 4*h - 4. Let b(z) = 2*z**2 + 5*z - 3. Let d be b(-4). Let s = 13 + -9. Suppose 0 = -f + s*f + d. Calculate p(f).
-1
Let p(c) = 7*c**2 - 11*c - 13. Let x(j) = -11*j**2 + 17*j + 20. Let y(m) = -8*p(m) - 5*x(m). What is y(5)?
-6
Let i(a) be the third derivative of a**4/12 + 11*a**2. Give i(-2).
-4
Let u(k) be the first derivative of k**2 - k + 4. What is u(-1)?
-3
Suppose y + 13 = 6*y + d, 3*y = -3*d + 15. Let o(f) be the third derivative of f**6/60 - f**5/20 + f**4/12 - f**3/2 + f**2. Determine o(y).
5
Let y(f) = -2*f. Let u(w) = 2*w - 4. Let o be u(3). Determine y(o).
-4
Let s(l) = -l**2 + 8*l. Let n(v) = v**2 - 8. Let z be n(-4). What is s(z)?
0
Let i = 4 + 1. Let p(a) = -a**3 + 5*a**2 + a - 1. Let o be p(5). Suppose 4*n + 1 = -i*w + 21, o*n = -w + 4. Let q(l) = l**3 - 5*l**2 + 7*l - 4. Give q(w).
8
Let g be (-1 + 1)*(-2)/(-4). Let o = g - -3. Let y(a) = 7*a - 3*a + 5 - 3*a**3 + 2*a**3 + o*a**2. Determine y(4).
5
Let n = -9 - -9. Suppose n = 3*l - 9 - 6. Let t(j) = j**2 - 8*j + 7. Give t(l).
-8
Let s = -16 - -22. Let c(i) = 0*i + 6 + i - s. Calculate c(1).
1
Let k(d) be the first derivative of -d**4/12 + 7*d**3/6 - 2*d**2 + 6*d + 3. Let h(p) be the first derivative of k(p). What is h(5)?
6
Suppose -62*d = -61*d - 8. Let h(b) = b - 2. Give h(d).
6
Let p(m) = 1 + 4*m + m + m**2 - 5 - 3. Calculate p(-5).
-7
Let d = -31 + 54. Suppose -1 = -4*j + d. Suppose h = o + 5, -3*h - j = o - 1. Let k(x) = -x**2 - 3*x + 2. Give k(o).
-8
Let l(t) = 2*t**2 - 17*t - 15. Let s(k) = -k**2 + 9*k + 8. Let o(x) = -3*l(x) - 5*s(x). Calculate o(5).
10
Suppose 2*v = -6 - 2. Let p be 2*5/v*2. Let y(h) = -10 + h**2 - 2*h**2 - 5*h + 3. Give y(p).
-7
Let t = -21 - -17. Let f(s) = s + 1. Let y(q) = -7*q - 11. Let o(i) = -6*f(i) - y(i). Calculate o(t).
1
Let a(h) = -h**2 - h - 9. Let w(c) = -c - 5. Let k be w(-7). Let l be k/(-9) - (-10)/45. Calculate a(l).
-9
Let w(t) = -t**2 - 3*t + 7. Let k be w(-6). Let b = 10 + k. Let p(l) = -2*l**2 + 5*l**2 + 5*l**3 + l - 2*l**2. Give p(b).
-5
Let z(c) be the first derivative of -c**2/2 - 3*c - 59. Calculate z(-9).
6
Let l(y) = y**3 + 3*y**2 - 5*y + 7. Suppose -5 = 2*u - 3*q + 2, -3*u = -5*q + 10. Calculate l(u).
-18
Let v(a) be the third derivative of a**4/24 + a**3/2 + 6*a**2. Calculate v(-5).
-2
Let l(f) be the first derivative of -1 + 1/4*f**4 - 3/2*f**2 + 3*f + 4/3*f**3. Determine l(-4).
15
Let b(d) = d**3 + 10*d**2 + 8*d - 10. Suppose -7*a + 13*a = -54. What is b(a)?
-1
Let f(y) = -2*y**3 + 10*y**2 + 3*y + 21. Let k(p) be the first derivative of 5/3*p**3 - 1 + p**2 + 11*p - 1/4*p**4. Let c(g) = -4*f(g) + 7*k(g). Give c(5).
3
Let b(k) be the first derivative of k**5/120 - k**4/12 - 2*k**3/3 - 3. Let m(n) be the third derivative of b(n). What is m(-2)?
-4
Let q(p) = p**2 - p + 1. Let m(l) = -l**3 - 6*l**2 + 6*l - 13. Let v(w) = -m(w) - 6*q(w). What is v(0)?
7
Let s(v) be the second derivative of -v**5/20 - v**4/12 - 3*v**2 - 4*v. Let f(r) = r**2 - 5*r. Let d be f(5). What is s(d)?
-6
Suppose z - 4*n - 21 = 0, -z + n = -0*z - 6. Let g = 4 + -2. Let h(j) = -g + z + 2 - j. Determine h(-5).
6
Let f(c) be the third derivative of c**6/120 - c**5/60 + c**4/24 - 5*c**3/6 - 5*c**2. Determine f(0).
-5
Let z(p) = 25*p + 74. Let g be z(-3). Let i(m) = -6*m - 11. Let v(r) = -4*r - 7. Let x(t) = 5*i(t) - 8*v(t). Determine x(g).
-1
Let x be (-8)/(-10) + (-2)/(-10). Let p(c) = -7*c**2 - c + 1. Calculate p(x).
-7
Let g(c) = c**2 - 5*c - 5. Let q = -72 - -76. Give g(q).
-9
Let l(y) = 2*y - 2. Suppose b - 4*b = 6. Calculate l(b).
-6
Let b(r) = -2*r + 3*r - 3*r - 5. What is b(-5)?
5
Let h(z) = -z**2 - 5*z + 4. Let s be h(-5). Suppose -s*n - 17 = -1. Let q(r) = r. Give q(n).
-4
Let p(s) = -s - 1. Let n = -15 - -11. Calculate p(n).
3
Let m(a) = a**3 + 5*a**2 - 8*a - 12. Let v be m(-6). Suppose -4*n + 4*j + 11 = -5, -3 = 3*j. Suppose v*b = -n*b. Let z(x) = -x**3 - x**2 - x - 7. What is z(b)?
-7
Let u(p) be the second derivative of -p**5/60 + p**4/6 - p**3/6 - 2*p**2 - 2*p. Let t(o) be the first derivative of u(o). Calculate t(2).
3
Let n(v) = -v**2 - 8*v - 5. Suppose 2*p = 3*p. Let i = p + -5. Calculate n(i).
10
Let c(a) = -2*a + 7. Let k = -1 - -10. Suppose -1 + 5 = -n. Let g = k + n. Calculate c(g).
-3
Let z(x) be the third derivative of x**5/60 - x**4/4 + 6*x**2. Give z(7).
7
Let z = 15 - 12. Let t(g) = -g**3 + 3*g**2 - 3*g + 2. Determine t(z).
-7
Let r be 2 + 0 - 3 - 1. Let l(q) = 3*q**2 + 2*q - 2. Give l(r).
6
Let j = -1 + 0. Suppose 12 + 8 = 5*k. Let z(v) = -1 + 2*v + 2*v - 6*v - k*v. Give z(j).
5
Let l = 7 - 3. Let z be (4/3)/((-6)/(-9)). Let a(q) = 0*q**2 + 2*q + 2 + 0 - q**z. Calculate a(l).
-6
Let c(z) be the first derivative of -z**2/2 + 8*z - 6. Let f be (0/(-1) - 0)/1. What is c(f)?
8
Let w = -24 - -44. Let r = w - 16. Let y(l) = -4*l + 3. Determine y(r).
-13
Suppose m - 3 = -d + 5, -30 = -3*d - 5*m. Suppose d*z + s + 26 = 0, -5 - 7 = 3*z - 3*s. Let l(p) = p**3 + 6*p**2 + 5*p + 4. Give l(z).
4
Let s(m) = -m**2 - 7*m - 4. Suppose -n - 3*z + 39 = -5*n, -5*n + 4*z - 50 = 0. Give s(n).
2
Let p(b) = b**2 + b - 2. Let h(u) = u**3 - 6*u**2 + 3*u + 5. Let o be h(5). Suppose 2*l + 21 = -l. Let r = l - o. Give p(r).
0
Let v(t) = -3*t + 3. Let y be (1/3)/(7/(-63)). Let w(b) = 2*b - 2. Let k(o) = y*v(o) - 5*w(o). Determine k(1).
0
Let b = -4 - -6. Let n(q) = -q**2 - q + 6. Let x(g) = g**2 - 5. Let v(r) = -4*n(r) - 5*x(r). Let h be v(b). Let w(f) = f - 8. Give w(h).
-3
Let o(q) = -3 - 2*q - 4*q + 8*q. Determine o(6).
9
Let i(h) = 2*h**3 - 3*h**2 - 2*h + 2. Let v(u) = u**2. Let p(m) = -i(m) - 3*v(m). Determine p(2).
-14
Suppose 9*f = -0*f - 54. Let s(c) = c**2 + 9*c + 3. Give s(f).
-15
Let g(x) = 3 + x**2 + 0 - 1 - 4*x**2. Give g(2).
-10
Let b be ((-1)/2)/((-1)/(-2)). Let t be 3*(0 - b/(-3)). Let s(f) be the third derivative of 7*f**6/120 + f**4/24 + f**3/6 + 10*f**2. What is s(t)?
-7
Let x(a) = 0*a + a**2 + 0*a**2 + 7*a**3 - 6*a**3 - a - 1. Let b(f) = 2*f**3 + 1 + 1 - 11 + 8*f**2 - f. Let d(l) = -b(l) + 3*x(l). Determine d(5).
-4
Let d(h) = 10*h**3 - 5*h**2 + 2*h - 7. Let n(t) = 7*t**3 - 3*t**2 + t - 5. Let i(s) = -5*d(s) + 7*n(s). Calculate i(4).
-12
Let i(y) be the second derivative of -13*y**5/20 + y**2/2 - 4*y. Let v be 6/(-4) + (-6)/(-12). Calculate i(v).
14
Let v(f) be the first derivative of 7/2*f**2 + 4*f - 2 + 1/3*f**3. Let o(b) = b**3 + 5*b**2 - 4. Let n be o(-5). Calculate v(n).
-8
Let z = -1 + -4. Let i(r) = -2 - 9*r**2 - 3 + 17*r**2 - 9